{"id":2629,"date":"2022-08-19T09:08:26","date_gmt":"2022-08-19T13:08:26","guid":{"rendered":"https:\/\/www.missionlte.ca\/boutique\/?post_type=product&#038;p=2629"},"modified":"2025-06-23T09:41:34","modified_gmt":"2025-06-23T13:41:34","slug":"nouveau-batterie-externe","status":"publish","type":"product","link":"https:\/\/www.missionlte.ca\/boutique\/fr\/produit\/nouveau-batterie-externe\/","title":{"rendered":"Batterie Externe"},"content":{"rendered":"<p>Batterie externe offerte pour nos routeurs Alcatel est une batterie de 10 000 mAh qui vous permettra d\u2019augmenter l\u2019autonomie et\/ou de rendre votre routeur autonome pour une p\u00e9riode de plus de 24h! Ce produit est id\u00e9al pour les campeurs d\u00e9sireux de faire du camping sauvage sans pour autant sacrifier leurs acc\u00e8s internet, ou simplement pour vous permettre de vous d\u00e9placer avec vos appareils sans risquer de manquer de batterie! Polyvalent, cette batterie est tr\u00e8s pratique pour nos routeurs, mais aussi pour vos appareils mobiles comme votre tablette ou votre t\u00e9l\u00e9phone, oui oui, vous avez bien lu! Vous pourrez aussi recharger votre t\u00e9l\u00e9phone ou votre tablette si vous \u00eates \u00e0 court de batteries et que vous n\u2019avez pas n\u00e9cessairement acc\u00e8s \u00e0 une prise \u00e9lectrique!<\/p>\n<p>D\u00e9tails techniques :<br \/>\nCapacit\u00e9 : 10 000 mAh<br \/>\nPort : 1xUSB-C \/ 1xMicro-USB \/ 1xUSB<br \/>\nDimension : 10cm \/ 6.5cm \/ 2.5cm<br \/>\nPuissance :<br \/>\nMicro-USB<br \/>\n&#8211; Input : DC 5V\/2A, DC 9V\/2A<br \/>\nUSB<br \/>\n&#8211; Output : DC 5V\/3A, DC 9V\/2A, DC 12V\/1.5A<br \/>\nUSB Type-C<br \/>\n&#8211; Input : DC 5V\/3A, DC 9V\/2A<br \/>\n&#8211; Output : DC 5V\/3A, DC 9V\/2A, DC 12V\/1.5A<\/p>\n","protected":false},"excerpt":{"rendered":"<p>Batterie externe offerte pour nos routeurs Alcatel est une batterie de 10 000 mAh qui vous permettra d\u2019augmenter l\u2019autonomie et\/ou de rendre votre routeur autonome pour une p\u00e9riode de plus de 24h! Ce produit est id\u00e9al pour les campeurs d\u00e9sireux de faire du camping sauvage sans pour autant sacrifier leurs acc\u00e8s internet, ou simplement pour [&#8230;]\n","protected":false},"featured_media":2630,"template":"","meta":{"_monsterinsights_skip_tracking":false,"_monsterinsights_sitenote_active":false,"_monsterinsights_sitenote_note":"","_monsterinsights_sitenote_category":0},"product_brand":[],"product_cat":[26],"product_tag":[],"class_list":{"0":"post-2629","1":"product","2":"type-product","3":"status-publish","4":"has-post-thumbnail","6":"product_cat-tous-produits","8":"first","9":"instock","10":"sale","11":"taxable","12":"shipping-taxable","13":"purchasable","14":"product-type-simple"},"aioseo_notices":[],"lang":"fr","translations":{"fr":2629},"pll_sync_post":[],"_links":{"self":[{"href":"https:\/\/www.missionlte.ca\/boutique\/wp-json\/wp\/v2\/product\/2629","targetHints":{"allow":["GET"]}}],"collection":[{"href":"https:\/\/www.missionlte.ca\/boutique\/wp-json\/wp\/v2\/product"}],"about":[{"href":"https:\/\/www.missionlte.ca\/boutique\/wp-json\/wp\/v2\/types\/product"}],"wp:featuredmedia":[{"embeddable":true,"href":"https:\/\/www.missionlte.ca\/boutique\/wp-json\/wp\/v2\/media\/2630"}],"wp:attachment":[{"href":"https:\/\/www.missionlte.ca\/boutique\/wp-json\/wp\/v2\/media?parent=2629"}],"wp:term":[{"taxonomy":"product_brand","embeddable":true,"href":"https:\/\/www.missionlte.ca\/boutique\/wp-json\/wp\/v2\/product_brand?post=2629"},{"taxonomy":"product_cat","embeddable":true,"href":"https:\/\/www.missionlte.ca\/boutique\/wp-json\/wp\/v2\/product_cat?post=2629"},{"taxonomy":"product_tag","embeddable":true,"href":"https:\/\/www.missionlte.ca\/boutique\/wp-json\/wp\/v2\/product_tag?post=2629"}],"curies":[{"name":"wp","href":"https:\/\/api.w.org\/{rel}","templated":true}]}}