{"id":4971,"date":"2025-03-04T11:14:44","date_gmt":"2025-03-04T16:14:44","guid":{"rendered":"https:\/\/www.missionlte.ca\/boutique\/?post_type=product&#038;p=4971"},"modified":"2025-04-03T09:27:45","modified_gmt":"2025-04-03T13:27:45","slug":"forfait-prepaye-50-go-canada-usa","status":"publish","type":"product","link":"https:\/\/www.missionlte.ca\/boutique\/fr\/produit\/forfait-prepaye-50-go-canada-usa\/","title":{"rendered":"Forfait\/Recharge pr\u00e9pay\u00e9 50 GO Canada\/USA"},"content":{"rendered":"<p>Forfait pour recharge de donn\u00e9es 50GO pour le Canada et les \u00c9tats-Unis. Consommation \u00e0 l&#8217;utilisation.<\/p>\n<p>Les donn\u00e9es s&#8217;ajoutent \u00e0 celles qui vous restent.<\/p>\n<p>Ex: Il vous reste 5GO et vous achetez un 50GO, vous aurez 55GO.<\/p>\n<p>&nbsp;<\/p>\n<p>Ce qu&#8217;on peut faire avec un 50 GO ?<\/p>\n<p>\ud83d\udcf1 <b>Navigation Internet et r\u00e9seaux sociaux<\/b><\/p>\n<p><b>500 heures<\/b> de navigation web classique<\/p>\n<p><b>100 \u00e0 150 heures<\/b> sur les r\u00e9seaux sociaux (Instagram, Facebook, TikTok&#8230;)<\/p>\n<p>\ud83d\udcfa <b>Streaming vid\u00e9o<\/b><\/p>\n<p><b>50 \u00e0 70 heures<\/b> de vid\u00e9os YouTube en 720p<\/p>\n<p><b>25 \u00e0 35 heures<\/b> en 1080p<\/p>\n<p><b>10 \u00e0 15 heures<\/b> en 4K (attention, \u00e7a consomme beaucoup !)<\/p>\n<p>\ud83d\udcde <b>Appels vid\u00e9o<\/b><\/p>\n<p><b>100 \u00e0 140 heures<\/b> sur WhatsApp, Zoom ou Messenger en qualit\u00e9 standard<\/p>\n<p>\ud83d\udce9 <b>Emails et messagerie<\/b><\/p>\n<p>Des <b>milliers d&#8217;emails<\/b> envoy\u00e9s\/re\u00e7us (sans pi\u00e8ces jointes lourdes)<\/p>\n<p>\ud83d\udd04 <b>T\u00e9l\u00e9chargements<\/b><\/p>\n<p><b>50 000 photos<\/b> de 1 Mo<\/p>\n<p><b>20 films<\/b> en qualit\u00e9 SD<\/p>\n<p><b>10 films<\/b> en HD<\/p>\n","protected":false},"excerpt":{"rendered":"<p>Forfait pour recharge de donn\u00e9es 50GO pour le Canada et les \u00c9tats-Unis. Consommation \u00e0 l&#8217;utilisation. Les donn\u00e9es s&#8217;ajoutent \u00e0 celles qui vous restent. Ex: Il vous reste 5GO et vous achetez un 50GO, vous aurez 55GO. &nbsp; Ce qu&#8217;on peut faire avec un 50 GO ? \ud83d\udcf1 Navigation Internet et r\u00e9seaux sociaux 500 heures de [&#8230;]\n","protected":false},"featured_media":4968,"template":"","meta":{"_monsterinsights_skip_tracking":false,"_monsterinsights_sitenote_active":false,"_monsterinsights_sitenote_note":"","_monsterinsights_sitenote_category":0},"product_brand":[],"product_cat":[27,26],"product_tag":[],"class_list":{"0":"post-4971","1":"product","2":"type-product","3":"status-publish","4":"has-post-thumbnail","6":"product_cat-recharge","7":"product_cat-tous-produits","9":"first","10":"instock","11":"virtual","12":"taxable","13":"purchasable","14":"product-type-simple"},"aioseo_notices":[],"lang":"fr","translations":{"fr":4971,"en":4987},"pll_sync_post":[],"_links":{"self":[{"href":"https:\/\/www.missionlte.ca\/boutique\/wp-json\/wp\/v2\/product\/4971","targetHints":{"allow":["GET"]}}],"collection":[{"href":"https:\/\/www.missionlte.ca\/boutique\/wp-json\/wp\/v2\/product"}],"about":[{"href":"https:\/\/www.missionlte.ca\/boutique\/wp-json\/wp\/v2\/types\/product"}],"wp:featuredmedia":[{"embeddable":true,"href":"https:\/\/www.missionlte.ca\/boutique\/wp-json\/wp\/v2\/media\/4968"}],"wp:attachment":[{"href":"https:\/\/www.missionlte.ca\/boutique\/wp-json\/wp\/v2\/media?parent=4971"}],"wp:term":[{"taxonomy":"product_brand","embeddable":true,"href":"https:\/\/www.missionlte.ca\/boutique\/wp-json\/wp\/v2\/product_brand?post=4971"},{"taxonomy":"product_cat","embeddable":true,"href":"https:\/\/www.missionlte.ca\/boutique\/wp-json\/wp\/v2\/product_cat?post=4971"},{"taxonomy":"product_tag","embeddable":true,"href":"https:\/\/www.missionlte.ca\/boutique\/wp-json\/wp\/v2\/product_tag?post=4971"}],"curies":[{"name":"wp","href":"https:\/\/api.w.org\/{rel}","templated":true}]}}